 be f(-6). Suppose 4*b + j = -8. Let m = b - -27. What is the remainder when m is divided by 10?
8
What is the remainder when (-14)/(-2)*(6 - 1) is divided by 12?
11
Let c(q) = -10*q - q**2 + 0*q**2 - 2 - 4. Calculate the remainder when 52 is divided by c(-4).
16
Let i(u) = -u**3 - 8*u**2 + 6*u - 11. Calculate the remainder when 61 is divided by i(-9).
13
Let h = 0 + 3. Let u(j) = 14*j - 2. Calculate the remainder when u(3) is divided by 44/h + (-14)/21.
12
Let b(v) = 2*v**2 - 3*v + 11. Calculate the remainder when 137 is divided by b(3).
17
Let v = -7 + 10. Suppose 3*c + 58 = -2*r + 3*r, 2*r = 3*c + 107. Calculate the remainder when r is divided by (1/(-2))/(v/(-102)).
15
Let f = -1 - -5. Let r = -2 + f. Suppose r*d = 5*x - 78 - 23, -34 = -2*x + 4*d. Calculate the remainder when x is divided by 11.
10
Let b(p) = -p**3 + 9*p**2 + 10*p - 2. Let w be b(10). Let y(l) = -13*l - 1. What is the remainder when 47 is divided by y(w)?
22
Let z = -21 - -26. Calculate the remainder when 19 is divided by z.
4
Calculate the remainder when -2*4/12*-72 is divided by 17.
14
Let u = 8 - -23. Let z = 3 - 2. Calculate the remainder when u is divided by (-260)/(-16) + z/(-4).
15
Suppose -4*c - 3*y + 14 = 0, -3*c - y - 17 = -6*c. Let f be 0/(c - (-1 - -4)). Suppose -j - 9 = 3*s, s = -f - 4. What is the remainder when 8 is divided by j?
2
Suppose 0 = 3*n - 5*a - 8, -a - a = -n + 2. Let d = -19 - -21. What is the remainder when n is divided by d?
0
Let c(v) = -3*v**2 - v. Let m be c(1). Let y = 5 + m. What is the remainder when 2 is divided by y?
0
Suppose 0 = 2*i + 2*y - 6, -2*i - 6 = -2*y - 0. Suppose i*a + 2*a = 14. Suppose -38 = -4*x + 10. Calculate the remainder when x is divided by a.
5
Suppose -7*k - 148 = -11*k. Calculate the remainder when 182 is divided by k.
34
Suppose -3*w + 5*f = 10, -4*w = -3*f + 2 + 4. Suppose w = 2*a + 7 - 27. Calculate the remainder when 17 is divided by a.
7
Let a(l) = -l + 2. Let q be a(2). Suppose 0*h + 5*k - 13 = h, q = -4*h + 3*k + 16. What is the remainder when 13 is divided by h?
6
Suppose -8 = 2*b - 6*b. Let v be 3*1*(-5)/3. Let o(g) = -g - 3. Calculate the remainder when o(v) is divided by b.
0
Let u(c) = 2*c**2 + 6*c - 6. Calculate the remainder when u(-8) is divided by 15.
14
Let w = -5 - 1. Let v(o) = -o - 5. Let f be v(w). Let y(q) = 2*q**2 + 1. What is the remainder when 5 is divided by y(f)?
2
Calculate the remainder when (-5 - 160)*4/(-4) is divided by 42.
39
Suppose -7*s = -s - 96. Calculate the remainder when 93 is divided by s.
13
Let r be (-4*1)/(1 - 0). Let l = 3 - r. Calculate the remainder when 6/27 + 230/18 is divided by l.
6
Suppose -2*h = b - 63, 4*b + 4*h + 76 = 344. What is the remainder when b is divided by 8?
7
Suppose -4*u = 5*g - 41, -u + 3*u + 2 = 2*g. Suppose z + 3*j = 6*j + u, 5*j + 40 = 5*z. What is the remainder when 29 is divided by z?
9
Let o be (-2 + 3/2)*-4. Suppose 3*h - 25 - 17 = 3*v, 0 = o*h + 4*v - 28. What is the remainder when 53 is divided by h?
11
Let w = 0 - -1. Suppose -w = j - 5. Suppose j*h - n = 231, -4*n - 316 = -4*h - 88. Calculate the remainder when h is divided by 20.
18
Suppose 33 = -2*s - 5*p + 106, -4*p + 20 = 0. Suppose 3*a - a = 26. Calculate the remainder when s is divided by a.
11
Suppose 8*i = 3*i - 5. What is the remainder when (i - -13)/((-15)/(-10)) is divided by 5?
3
Let s = 275 + -266. Let u(z) = -z**2 + 8*z + 8. Let r be u(6). Suppose v + r = 3*p, 4*p + 3 - 25 = -v. What is the remainder when s is divided by p?
3
Let p(t) = -1 + 0*t**2 + 2*t + 3*t - 6*t + t**2. Calculate the remainder when 42 is divided by p(4).
9
Let i = 15 + -4. Let a(j) = 6 + 8*j - 2 - i*j. Calculate the remainder when 36 is divided by a(-5).
17
Let d = 4 - 34. What is the remainder when 21 is divided by (-75)/(-7) - d/105?
10
Let o = -5 - -8. Suppose 0 = -o*b + 4*b - 11. What is the remainder when b is divided by 6?
5
What is the remainder when (2 + -3)*(-28 + 5) is divided by 8?
7
Let n = 29 - 10. Calculate the remainder when n is divided by 11.
8
Let i be 1 - -3*1/(-3). Suppose t - 5 - 3 = i. Suppose c - 54 = -t. What is the remainder when c is divided by 16?
14
Suppose 10 = 5*g - 2*p, -5*p + 19 + 6 = 0. Suppose -5*h - 3*l + 105 = 0, -3*l = -g*h - 7*l + 84. What is the remainder when 61 is divided by h?
19
Suppose q + 3*y - 12 - 16 = 0, 0 = 3*q + 5*y - 84. Suppose -158 = -3*k - z, -3*z + 214 = 4*k - 5*z. Calculate the remainder when k is divided by q.
25
Suppose j + i = 434, i + 856 = -0*j + 2*j. Suppose -2*t - 3*t = -j. What is the remainder when t is divided by 22?
20
Let q(l) = -l**3 - 6*l**2 + 9*l - 7. Calculate the remainder when q(-8) is divided by 17.
15
Suppose 2*y - 3 - 5 = -5*g, 3*y - 5*g - 37 = 0. What is the remainder when 34 is divided by y?
7
Suppose 2*s - 2*t = 3*t + 27, -s = -t - 15. Suppose -7 - s = -m. Calculate the remainder when m is divided by 8.
7
Let v(u) = -2*u**3 + 3*u**2 - 3*u + 2. Let n be v(2). Let z be 2 - (-4 + 3)*-13. Let c = n - z. What is the remainder when 7 is divided by c?
1
Suppose 5*j - 3*r + 2*r = 165, -5*r = 5*j - 135. What is the remainder when j is divided by 11?
10
Suppose -2*o = 4, 6*o = -5*s + 2*o - 38. Calculate the remainder when 9/s*(-56)/12 is divided by 3.
1
Let z be (1 - 4) + (1 - -8). Let v(p) = -p**2 + 8*p - 9. Suppose -30 = -4*j - 2*i, 2*j + 5*i + 30 = 7*j. Calculate the remainder when j is divided by v(z).
1
Let n(m) = -m**3 + 9*m**2 + 8*m - 8. Let t be n(10). Let g = 44 + t. Calculate the remainder when 31 is divided by g.
15
Let h = -73 + 121. Let x = h + -21. What is the remainder when 80 is divided by x?
26
Suppose l - 90 = 5*r, 2*r - 6*r + 240 = 4*l. What is the remainder when l is divided by 23?
19
Suppose -9*f - 5*f = -280. What is the remainder when 48 is divided by f?
8
Let j(y) = y**2 + 14*y - 11. Suppose -1 = 3*i - 43. What is the remainder when j(-17) is divided by i?
12
Let m = 134 + -60. What is the remainder when m is divided by 19?
17
Calculate the remainder when 115 is divided by 13/(-1)*(1 + -5 - -3).
11
Let q = 20 + -16. What is the remainder when 6 is divided by q?
2
Let t(x) = 3*x**3 + 2 - x**3 + 6*x**2 - 3*x - x**3. Calculate the remainder when t(-6) is divided by -1*(-15 - (-2 + -2)).
9
Let b(g) = -5*g**3 + 8*g**2 - 4*g - 18. Let z(l) = 6*l**3 - 7*l**2 + 4*l + 19. Let m(o) = -5*b(o) - 4*z(o). Calculate the remainder when m(12) is divided by 21.
20
Let m = -5 - -9. Calculate the remainder when 9 is divided by m.
1
Let z(s) = -s**3 + 8*s**2 - s + 10. What is the remainder when 6 is divided by z(8)?
0
Suppose 0 = 4*n - 5*z + 13, 5*z = 2*n + 13 - 4. Let g be -1 + 2/n + 5. Suppose s - g*s = -16. What is the remainder when 15 is divided by s?
7
Let y = -61 - -72. Suppose -h = -0*h - 19. What is the remainder when h is divided by y?
8
Suppose -2*n + 0*n = -2. Calculate the remainder when 25 is divided by 57/6 + n/(-2).
7
Suppose -2*u - 2*x = u - 480, 0 = -2*u - 4*x + 328. What is the remainder when u is divided by 23?
20
Let y = 109 - 28. Calculate the remainder when y is divided by 17.
13
What is the remainder when 1515/(-45)*(-3 - 0) is divided by 34?
33
Suppose -2*b = -2*o - 5*b + 49, 3*o - 46 = b. What is the remainder when 28 is divided by o?
11
Suppose -2*n + 2*c + 3*c = 3, 3*c = -5*n + 8. What is the remainder when (2 + (n - 37))/(-2) is divided by ((-9)/6)/((-2)/12)?
8
Suppose 13 = f + 1. What is the remainder when 71 is divided by f?
11
Let l(b) = b**3 + 8*b**2 + 2*b + 2. Calculate the remainder when l(-4) is divided by 15.
13
Suppose 5*m + c = 37, -3*m + 0*c = -4*c - 36. Calculate the remainder when 53 is divided by m.
5
Let k(p) = 2*p**3 - 3*p**2 + 2. Calculate the remainder when 113 is divided by k(3).
26
Let d be (-87)/(-27) + 2/(-9). Suppose -5*c - 2 = -3*z + 21, z - d = -3*c. Calculate the remainder when 28 is divided by z.
4
Let p(c) = -c**2 - c + 5. Let j be p(-3). Let s(z) = -11*z**3 + 2*z**2 + z. Calculate the remainder when 33 is divided by s(j).
9
Let w(f) = f + 2. What is the remainder when w(9) is divided by 1?
0
Let v(q) = -q**3 - q**2 + 335. Let z be v(0). Suppose b - 58 = -o - 0*o, 0 = 5*o - 4*b - z. Calculate the remainder when o is divided by 32.
31
Suppose 4*k = -b + 7, 15 = 10*k - 5*k - 5*b. Suppose -4*f + 3*y = -16, -f + 4*f = 4*y + 12. Calculate the remainder when f is divided by k.
